 0, -4*d = b - 112 - 235. Let p = 156 - d. Is p a multiple of 17?
False
Let l = -6 + 9. Suppose n = l*n. Suppose -20 = -2*p + 5*u + 4, n = -4*p - 2*u + 96. Is p a multiple of 6?
False
Is 1/((-340)/(-84) + -4) a multiple of 7?
True
Suppose 158 = -32*g + 34*g. Is 10 a factor of g?
False
Let p(n) = -n**2 - 9*n - 2. Let s be p(-10). Let z be ((-42)/12)/((-2)/s). Let j = 35 + z. Is 14 a factor of j?
True
Let l = 61 + -30. Suppose 0 = -3*c - 1 + l. Is c a multiple of 5?
True
Suppose 14 - 150 = -4*b. Let g be (-4)/(-2)*b/4. Suppose -g + 5 = -r. Is r a multiple of 12?
True
Suppose c = -5*s - 163, 4*s + 5*c = 4*c - 131. Does 16 divide 1*-3*s/3?
True
Let n be 1/(2 + 20/(-12)). Does 12 divide (3 + n)/(6/44)?
False
Let t = -7 - -12. Suppose -55 = -t*p + 40. Does 6 divide p?
False
Let q(p) = 2*p**3 - 6*p**2 + 2*p + 3. Suppose 3*o - 2*o = 4. Is 10 a factor of q(o)?
False
Let i(j) = 267*j**3 - 2*j + 1. Let g(s) = 533*s**3 - 4*s + 3. Let m(u) = -2*g(u) + 5*i(u). Let v be m(-1). Is 18 a factor of 8/(-12) - v/6?
False
Suppose -3*j + j + 4 = 0, -q - 4*j = -10. Suppose 2*h - l - 2 - 3 = 0, 2*l = -q*h + 14. Is 4 a factor of h?
True
Suppose 3*r = 9, 3*h + r = h + 11. Suppose -y - 45 = -h*y. Is y a multiple of 5?
True
Suppose -o = 0, 0*o - 2*o - 153 = -3*x. Is x a multiple of 9?
False
Let x = -19 + 53. Suppose -3*a + x = -32. Is 11 a factor of a?
True
Let x = -19 + 16. Is 29 a factor of 86 + (-3)/x + 0?
True
Let p = -11 - -41. Is p a multiple of 5?
True
Suppose -8 = 2*q + 2*q. Let s be q*12/(-3)*1. Let o = s + -3. Does 5 divide o?
True
Suppose -p = 2*p. Let t be (3 - 8/2)*p. Suppose -l + 3*o + 16 = 0, 4*l - 4*o + o - 37 = t. Does 3 divide l?
False
Does 29 divide ((-232)/(-10))/(4/30)?
True
Let g(w) = -w**2 - 5*w + 5. Let z be g(-5). Suppose -5*j - 4*s + 35 - 10 = 0, 0 = z*j + 2*s - 25. Does 3 divide j?
False
Suppose -5*q + q - 81 = -3*z, 2*z = 3*q + 54. Is 5 a factor of z?
False
Suppose 0 = 3*y + 5*f - 209, 5*f + 259 = 4*y - y. Is y a multiple of 7?
False
Let u(v) = -15*v + 4. Let s(m) = m + 1. Let j(a) = -5*s(a) + u(a). Let h = -2 + 1. Is 19 a factor of j(h)?
True
Suppose -7*q = -4*q - 357. Suppose 0 = 3*g - q - 10. Does 12 divide g?
False
Let w(d) be the first derivative of 1/2*d**2 + 4 + 0*d**3 + 5*d + 1/4*d**4. Is w(0) a multiple of 5?
True
Let y = 13 - 8. Let q be (-32)/(-6) + y/(-15). Suppose 93 = 3*m - 3*n, -5*m + 148 = -3*n + q*n. Is 15 a factor of m?
True
Suppose 11*d + 10 = 16*d. Suppose -2*q - 3*g = -0*g - 147, 3*g + 177 = d*q. Does 27 divide q?
True
Suppose 4*h = 2*w - 40, -75 = -3*w - h + 4*h. Is 10 a factor of w?
True
Let v be (-308)/9 - (-12)/54. Let h = v - -69. Is 10 a factor of h?
False
Let v(y) = 18*y**2 + 4*y + 3. Let p be v(-3). Let l = -92 + p. Is 26 a factor of l?
False
Suppose -3*q = 2*n - 53, 4*n - 18 = 2*n + 4*q. Let w = n - 5. Let b = w + 18. Is b a multiple of 16?
True
Let b(v) = 11*v**3 - 2*v**2 + 2*v - 3. Let w be b(2). Suppose 4*y - y - 171 = 0. Let u = w - y. Is 12 a factor of u?
True
Is (4 + 15/(-6))/((-3)/(-62)) a multiple of 6?
False
Suppose -6 = -q - 3*p + 17, -44 = -2*q - 5*p. Is 17 a factor of q?
True
Let l be 15/4 + 2/8. Suppose 6*b + l*s = b + 275, -2*s - 220 = -4*b. Is 14 a factor of b?
False
Let n(h) be the second derivative of -5*h**3/2 + 4*h**2 - 2*h. Let v be n(-8). Suppose 388 = 5*b + v. Does 20 divide b?
False
Suppose -3*b + 6 = -b. Let q(z) = -z + 10. Let u be q(6). Suppose -35 = -b*n + u. Is n a multiple of 13?
True
Suppose 4*w + 7 = 3, w - 55 = -4*h. Does 14 divide h?
True
Suppose 5*d = -3*p + 154, 7 = -4*d - p + 133. Does 8 divide d?
True
Suppose 0 = 5*f - 0*n + 3*n - 142, -96 = -4*f + 2*n. Suppose -5*z - 110 = -5*s, 3*s - z = -6*z + f. Is 12 a factor of s?
False
Let h(w) = 32*w - 2. Let j be h(1). Let n = 63 - j. Is 7 a factor of n?
False
Suppose -285 = -11*f + 8*f. Is 17 a factor of f?
False
Suppose 3*k = -3*y - 9, 2*k + 0*y + 34 = 5*y. Let p = k - -4. Let w(m) = 4*m**2 - 2*m + 1. Is w(p) a multiple of 21?
False
Let x(a) be the third derivative of -a**4/4 + 2*a**3/3 - 3*a**2. Does 7 divide x(-4)?
True
Let o = 17 - 12. Is o a multiple of 5?
True
Let u(i) = -i + 1. Let d(o) = o**2 - 6*o - 1. Let m(k) = d(k) - 3*u(k). Is 2 a factor of m(5)?
True
Let q be (-4 + 3)/((-2)/12). Let d(f) = f**3 + 4 + f**2 + 3 + 3*f + q*f**2. Is d(-6) a multiple of 12?
False
Let h(r) = -r**2 + 13*r + 3. Let l(g) = 3*g + 1. Let a(o) = -2*h(o) + 9*l(o). Is a(3) a multiple of 12?
True
Let l be (-10)/(-6) - 8/(-24). Let f be -1 + 1*(l - -2). Suppose 2*z - 106 = -3*p, 176 = 3*z - f*p - p. Is 17 a factor of z?
False
Let a be (-4)/10 - 102/(-30). Suppose -4*u - n = -40, -a*n - 6 = -2*u - 7*n. Is 5 a factor of u?
False
Suppose -5*d - 20 = -70. Let z be 4/(-16) - (-194)/8. Is 8 a factor of d/(-3)*z/(-10)?
True
Let j(t) = -t + 1. Let q(g) = g + 5. Let a(k) = -3*j(k) + q(k). Let u be a(-2). Let m(o) = o**2 + o - 2. Is 14 a factor of m(u)?
True
Let z = 0 + 0. Let m = z - -2. Suppose 2*y - m*s - 9 = -s, -3*y - s + 21 = 0. Is y a multiple of 3?
True
Suppose 3*y - 3*s = 15, 2*s = -2*y - 0*s - 10. Let n be 0 - (0/(-2) + y). Suppose l - 7 + 2 = n. Is 2 a factor of l?
False
Does 37 divide 24/(-36)*(-2 - 175)?
False
Is 10 a factor of 54/3*20/15?
False
Suppose -2*y - 1 = 7. Let l be (-2)/4 - (-2)/y. Does 9 divide (0 + 1)*l*-13?
False
Let d = 3 + -3. Let j be 2 + (-1 - d)*3. Is (-12)/8*6*j a multiple of 9?
True
Let p(s) = -s**2 - 9*s + 9. Let h be p(-10). Let l(k) = 13*k**2 + 5*k + 4. Let v(j) = 12*j**2 + 6*j + 5. Let c(t) = 5*l(t) - 4*v(t). Is 8 a factor of c(h)?
True
Let o = 14 + -9. Suppose 3*h = o*k - 243, 3*k + h - 5*h = 148. Is k a multiple of 12?
True
Does 11 divide (-2)/6 - 68/(-6)?
True
Let s(q) = 16*q**3 + 2*q**2 - 3*q + 2. Is s(1) a multiple of 11?
False
Let t(g) = g**3 + 6*g**2 - 5*g - 12. Is 18 a factor of t(-6)?
True
Let r = -22 + 47. Is r a multiple of 16?
False
Suppose 5*v - 2*w - 10 = -38, 3*v + 13 = 5*w. Let k = 11 + v. Let c(q) = -q**2 + 6*q + 1. Is c(k) a multiple of 4?
False
Suppose -2*o + 0*b = -4*b - 44, 1 = -2*o - 5*b. Suppose 28 = 5*x + 38. Let u = o + x. Is u a multiple of 5?
True
Let f(p) = -6*p + 4. Suppose -5*b + 4*h - 17 = 0, 3*h + 23 = -5*b + 4*h. Let x be f(b). Let u = x - 4. Does 11 divide u?
False
Let g = -1 + 4. Suppose z - g*z = -58. Is z a multiple of 8?
False
Let b(d) = d**2 + 2*d - 4. Let p be b(-11). Suppose 15 = y + w + 4, -5*w = -20. Suppose -y*i + p = -2*i. Is i a multiple of 19?
True
Suppose -3*g + 6*g - 60 = 0. Suppose 56 + g = c. Is c a multiple of 19?
True
Let s(j) = -3 - 5*j + 12*j + 0 - 2. Does 7 divide s(4)?
False
Let s be (-12)/(-18)*(0 - -3). Suppose -3*h = -3*g, 3*g - 4*h = -s*g. Suppose -2*q = -6, 2*w = -g*w + 2*q + 16. Does 4 divide w?
False
Let p = 1 + 3. Suppose 0 = -p*f - 17 + 149. Let y = f + -5. Is 14 a factor of y?
True
Let c(d) = d**2 + d - 2. Let f be c(3). Let k(x) = 7*x**2 + 15*x - 10. Let u(h) = 3*h**2 + 8*h - 5. Let z(r) = -4*k(r) + 9*u(r). Does 15 divide z(f)?
True
Let s(d) be the second derivative of -d**3/6 + 5*d**2/2 - 5*d. Is 13 a factor of s(-8)?
True
Let x be 1/(-1)*-8 - 3. Suppose -5*u - j = -x*j - 30, u - 6 = 3*j. Is u a multiple of 6?
True
Suppose -2*g + 69 = -5*g. Let m = -13 - g. Is m a multiple of 3?
False
Let p(q) = -6*q**3 - 2*q**2 - 2*q - 1. Let g be p(-1). Suppose -a + 1 = -0*u + g*u, 0 = u + 4. Is 13 a factor of a?
False
Suppose -2*y + 15 = 3*y. Let j be y + -8 + 1*-2. Let k(t) = -t**3 - 6*t**2 + 4*t - 4. Does 17 divide k(j)?
True
Let a = 35 + -25. Let l = 17 - a. Is 2 a factor of l?
False
Let x be 2/10 - 16/(-20). Let b = -16 - -44. Is 13 a factor of b*x - (1 - -1)?
True
Suppose 0 = -5*n + 116 + 109. Is 15 a factor of n?
True
Let k(i) = 3*i**2 + 3*i - 3. Let y(g) = -2*g - 5. Let z(t) = -t**3 + 8*t**2 + 8*t + 5. Let q be z(9). Let f be y(q). Does 11 divide k(f)?
True
Suppose 3*o - 5*c - 2 = 0, 5*o + 18 = 6*c - 3*c. Let t(h) = -h**2 - 4*h + 4. Let n be t(-4). Is n/o - 160/(-15) a multiple of 5?
True
Let f = -10 - -16. Let w = 0 + f. Is 2 a factor of w?
True
Let t(z) = -2*z - 15. Is t(-11) even?
False
Suppose 0 = -2*y - 2*y + 8. Suppose -3*g - y*g + 5 = 0. Suppose 19 = t + g. Is t a multiple of 9?
True
Suppose 8*a - 5*a - 285 = 0. Is 18 a factor of a?
False
Let k = 2 + 1. Suppose -4*q - 72 = -6*r + r, -k*r = 5*q - 58. Does 16 divide r?
True
Let q = -5 - -8. Let i(f) be the 